 - 7*w**2 - w + 10. Let z = 68 + -61. Calculate t(z).
3
Let p(t) = t + 1. Let c be p(4). Let u(i) be the third derivative of i**6/120 - i**5/12 - i**4/24 + i**3/3 - 65*i**2. Calculate u(c).
-3
Let s(z) = -3*z - 2 + 0*z + 0*z + 1. Let h(f) = -4*f - 2. Let o be (-6 + 7)*(1 + -3). Let w(q) = o*h(q) + 3*s(q). What is w(-3)?
4
Let w be -8 - 2/(-7 - -5). Let k(f) = -f**3 - 6*f**2 + 7*f - 10. What is k(w)?
-10
Let h(a) = a**2 + 15*a + 29. Let u(c) = 2*c**2 + 17*c - 5. Let s be u(-8). Let d be h(s). Let o(l) = -l**3 + 2*l**2 + 3. What is o(d)?
-6
Let k(d) = -133 + 50 + 41 + d + 47. What is k(5)?
10
Let q = 113 - 78. Suppose -4*f = q - 55. Let x(d) = d**3 - 4*d**2 - 6*d + 2. Calculate x(f).
-3
Suppose i = -2*a + 1, a + i + 0 = -1. Let f(b) be the third derivative of b**5/20 + b**4/24 + 182*b**2. Give f(a).
14
Let c(a) = 8*a + 76. Let o be c(-9). Let u(t) be the first derivative of -4/3*t**3 + 3 - 2*t**2 + 1/4*t**4 + 6*t. Give u(o).
-10
Let n(s) = 3*s**2 - 4*s - 6. Let r(m) = 2*m**2 - 2*m - 3. Suppose -16 + 28 = 4*u. Let b(d) = u*n(d) - 5*r(d). Suppose 12 = -l - 3*l. Determine b(l).
-6
Let f(p) = -4*p**2 - 4*p**3 + 6*p**3 - 22*p**3 + 2*p**2 - p. What is f(-1)?
19
Let g(m) = -m**2 + 4*m**3 + 3*m**2 - 9 + 6*m + 6*m - 7*m**2 - 3*m**3. What is g(4)?
23
Let q(b) = -b**3 + 8*b**2 + 5*b. Suppose -32*k + 21*k + 99 = 0. Calculate q(k).
-36
Let b(u) be the first derivative of -4*u**3/3 + u**2 - 4*u + 30. What is b(4)?
-60
Let m(r) be the first derivative of r**2/2 - 5*r - 27. Let j(w) = -7*w + 32. Let h(l) = 6*j(l) + 39*m(l). Determine h(-2).
3
Let t(c) = -c**3 - 7*c**2 - 6*c + 5. Let n = 44 - 50. Give t(n).
5
Let m(t) = -t**3 + 6*t**2 + 25*t + 25. Let c be m(9). Let r(j) = 7*j - 13. Calculate r(c).
36
Let f(y) = y - 1. Suppose -5*w = -2*w. Let z be f(w). Let o(x) = 12*x - 5. Let h(s) = -35*s + 14. Let j(d) = -6*h(d) - 17*o(d). Give j(z).
-5
Let d be 15*((-16)/(-12))/2. Let b = 10 - d. Suppose b = w + 2*w - 3*g + 12, 0 = 4*w - 3*g + 15. Let x(j) = j**3 + j**2 - 5*j - 2. What is x(w)?
-5
Let j(q) be the first derivative of q**2/2 - 4*q - 10. Suppose 0*u - 2*u + 4 = 0. Give j(u).
-2
Let p(z) = -6*z**3 - 4*z**2 + 2*z + 3. Let u be p(-1). Let m(s) = -s**3 + 2*s**2 - s - 1. Calculate m(u).
-13
Let v be ((-6)/(-30))/((-2)/(-10)). Suppose -3*u = -4*t + 10, 0 = -5*u - 5*t - v - 4. Let g(f) = -f - 2. Determine g(u).
0
Let c(s) be the second derivative of -s**3/6 + 7*s**2/2 + 15*s. Suppose 11*a - 24 = 7*a. Calculate c(a).
1
Let w(k) = -532*k + 0*k**3 + 531*k - 11 - k**3. Determine w(0).
-11
Let c(k) = -6*k**3 + 26*k**2 + 5*k + 57. Let j(q) = 2*q**3 - 9*q**2 - 2*q - 20. Let l(b) = 6*c(b) + 17*j(b). Determine l(2).
-10
Suppose 0 = -u + 12 - 1. Suppose 0 = 6*d - 55 - u. Let g(r) = d*r - 4*r - 4*r**2 + 28 - 60 + 34 - r**3. Calculate g(-5).
-8
Let g(c) = -c**2 - 3*c - 2. Let l = 75 - 79. Calculate g(l).
-6
Let f = -7 - -13. Let d(h) = -f + 3 + 4 + 2*h. Let c be (-4)/4 - 0/(-6). Calculate d(c).
-1
Let u = -105 + 84. Let o(m) = m**3 + 20*m**2 - 21*m - 13. Give o(u).
-13
Let i(d) = -3*d**2 + 3*d - 4. Let b(z) = 4*z**2 - 2*z + 5. Let p(q) = -q**3 + 3. Let l be p(0). Let f(w) = l*i(w) + 2*b(w). Let k = -340 + 343. Give f(k).
4
Let v(q) = q**2 + 4*q - 4. Let s = -346 + 349. Determine v(s).
17
Let w be ((-9)/((-27)/(-6)) - -2)/2. Let b(t) = -t**2 + 2. Give b(w).
2
Let y(n) = 25*n**3 + 11*n**2 - 2*n - 1. Let q(m) = 49*m**3 + 25*m**2 - 4*m - 2. Let c(z) = 4*q(z) - 9*y(z). Determine c(-1).
29
Let m(q) = -3*q + 4*q**2 + 3 + 5*q - 28*q**2 - 2. Suppose -4*c - 2 = -2*b, -44*b + 4 = -48*b. Give m(c).
-25
Let a = -2 + 4. Suppose m = a*m + 4. Let w(h) = -h**3 - 4*h**2 + 4*h + 4. What is w(m)?
-12
Let m(f) be the second derivative of f**5/20 - f**4/12 - f**3/6 - f**2/2 - 18*f - 2. Give m(0).
-1
Let c(m) be the first derivative of m**4/4 + 10*m**3/3 - 11*m**2/2 + 5*m - 7. What is c(-11)?
5
Let z(f) = f**3 - f**2 + f - 1. Let u(x) = -5*x**3 + 5*x**2 - 7*x - 11. Let g(d) = -u(d) - 6*z(d). Let t = 757 - 757. What is g(t)?
17
Let n(k) = k**2 - 40*k + 1. Let z(s) = -4*s**2 + 165*s - 3. Let c(m) = 25*n(m) + 6*z(m). Let l be (-2)/(-2) + 0 + 6. Calculate c(l).
-14
Suppose 4*j + 0*j = 0, b - j - 1 = 0. Let f(g) = -3*g**2 + g + 1. Let t(n) = 1. Let d(m) = b*f(m) - 2*t(m). Determine d(1).
-3
Suppose 178*p + 160 = 158*p. Let y(r) = r**2 + 7*r - 5. What is y(p)?
3
Let s(w) = 4*w - 6. Let t(n) = n**3 + 37*n**2 + 211*n + 5. Let i be t(-7). Calculate s(i).
-14
Let m(s) = 3*s**2 + 7*s + 3. Let j = 39 + -41. Let p(n) = -4*n**2 - 8*n - 3. Let d(k) = j*p(k) - 3*m(k). Calculate d(-5).
-3
Let o = 9 - 6. Suppose -14 = -4*s + 2*x, 0 = -s - 0*x + 4*x. Let f(b) = 4*b - 34*b**2 - b**3 + 0*b**3 - 3*b + 36*b**2 + s. Calculate f(o).
-2
Let l(v) = -7*v + 6. Let x be (-5)/(-5) + 0 + 3/3. Suppose -2*u - o + 20 = x*o, -4*u + 4*o = 0. Determine l(u).
-22
Suppose 4*n - w + 6 = 254, -n = -5*w - 81. Let s = n + -58. Let u(j) = -j**3 + j**2 - j + 4. What is u(s)?
-17
Let h = -46 - -38. Let o = h - -13. Let u(v) = -v**3 + 6*v**2 - 6*v - 1. Determine u(o).
-6
Let x(w) be the first derivative of w**7/840 - 7*w**6/360 - w**5/12 + 5*w**4/12 + 10*w**3/3 - 2. Let a(q) be the third derivative of x(q). Give a(8).
-6
Let t(o) be the second derivative of -o**3/3 + 7*o**2/2 - 3*o - 24. Give t(8).
-9
Let c(y) = -y**2 + 10*y - 8. Suppose 3*w + 0*w + 21 = 4*b, -2*b + 5*w - 7 = 0. What is c(b)?
1
Let t(a) = 2*a**2 + 6*a - 3. Let y(z) = -8*z**2 - 16*z + 10. Let h(p) = 7*t(p) + 2*y(p). Calculate h(7).
-29
Let y(r) be the first derivative of 4*r**2 + r + 56. Determine y(2).
17
Let r = -6254 + 6258. Let y(u) = -5*u**2 - 14*u - 4. Let f(z) = -6*z**2 - 15*z - 4. Let q(v) = -6*f(v) + 7*y(v). Calculate q(r).
-20
Let p(y) = -2*y**3 - 3*y**2 - 2*y + 2. Let l be p(-3). Let b = -32 + l. Suppose b*q + 0*q - 11 = -4*i, 5*q - 26 = i. Let h(w) = 2*w - 3. Calculate h(q).
7
Suppose 0 = -s - 8 + 3. Let c(t) be the third derivative of -t**6/120 - t**5/15 + 5*t**4/24 + 7*t**3/6 - 6*t**2. Calculate c(s).
7
Let f(q) = 4*q + 3. Let k be 1*(5 + (-21)/3). What is f(k)?
-5
Let z(d) = d**3 - d. Let i(j) = 7*j**3 - 5*j**2 - 8*j + 6. Let f(v) = -i(v) + 6*z(v). Let x = 20 + 0. Suppose 5*p = p + x. Give f(p).
4
Let t(d) be the third derivative of -d**5/60 - 5*d**4/12 + d**3/2 + 8*d**2. Let q be t(-10). Let o(f) = 3*f**q - 5*f**2 + 7*f + 4*f**3 - 8*f**3. What is o(-6)?
-6
Let w(u) = -3*u**3 - 14*u**2 - 7. Let d(l) = -l**3 - 2*l**2 - 1. Let a(m) = -21*d(m) + 3*w(m). Let h(g) = -g - 4. Let r be h(-5). What is a(r)?
12
Let z(b) = b**2 + 7*b + 5*b + 4 - 5*b. Suppose 4*i - 3*i = -5*v - 26, 4*v = 4*i - 40. Give z(v).
-2
Let q(a) = 11*a**2 - 365*a - 12 + a**3 + 364*a + 0. Determine q(-11).
-1
Suppose -5*m + 2499 - 404 = 0. Let s(v) = 2*v - v**2 + m - 9*v - 421. Calculate s(-5).
8
Let v be (-18)/((-8)/(3 - -1)). Let d(l) = l**2 + 0*l**2 + v*l - 9*l + 5. Let g(f) = f - 3. Let o be g(3). Determine d(o).
5
Let s(k) be the first derivative of -2/3*k**3 + 0*k - 3 + 1/60*k**5 + 0*k**4 + 0*k**2. Let g(l) be the third derivative of s(l). What is g(2)?
4
Let c(j) = j**3 + 5*j**2 - 11*j - 7. Suppose 5*h = 3*p - 12 - 11, 3*h - 4*p + 5 = 0. What is c(h)?
-28
Let v(y) = -y**2 - 8*y + 2. Let u = -3 - -7. Suppose 0*n + u*n = 5*r + 52, n + 21 = -3*r. What is v(r)?
2
Let j(g) = -5*g. Let i be j(6). Let w = -15 - i. Suppose w*k = 13*k. Let u(x) = -x**3 - x - 7. Calculate u(k).
-7
Let t(d) = 6*d + 5. Let n be ((-36)/24)/((-6)/(-8)). Calculate t(n).
-7
Let v = 139 - 63. Let y(c) = -v*c + 34*c - 2 + 41*c - 6. Calculate y(-4).
-4
Let c(b) = 0*b - 1 - b**2 + 3*b + 0*b. Let o be -11 + (-350)/(-30) - 4/(-3). Calculate c(o).
1
Suppose -2*m + 12 = m. Let t be -4*(-2 + 2/m). Let x(n) = -n**2 + 6*n - 2. Calculate x(t).
-2
Let j(q) = -q - 1. Let r be (4/(-1))/(16/2 - 7). Let g = -7 - -15. Let c = r + g. Determine j(c).
-5
Suppose 3*l - 4*t + 20 = 0, -30*l + t = -26*l + 5. Let p(d) = d**3 + d**2 - d + 13. Give p(l).
13
Let x = 17 + -8. Let z(l) = -2*l**2 - 5 - 8 + 10*l - 2*l**2 + 3*l**2. What is z(x)?
-4
Let m(j) = -j**2 - 4*j - 4. Let g be 48/56*(-14)/(-3). Suppose a + g = 5. Let r be (-3 + (1 - a))/1. Determine m(r).
-1
Let u be (-65)/(-26) + (-1)/(-2). Suppose -u*i = -0*i + 3*k - 6, -4*i - 2 = 2*k. Let m(v) = -4*v**3 - 18 + 2*v - 4*v + 3*v**3 - 3*v**2 + 21. What is m(i)?
9
Let x be (12/3)/4 - (74 - 2). Let g = x 